-23644 - -2540?
-21104
In base 7, what is 32066342566 - -4?
32066342603
In base 2, what is 11100010100110 - -100010110?
11100110111100
In base 4, what is 11112 + -32110231?
-32033113
In base 10, what is 3 + 420596?
420599
In base 3, what is -1 + 101111211110211?
101111211110210
In base 16, what is 86a3f1 + -26?
86a3cb
In base 15, what is -24a08 - -2b?
-249cc
In base 3, what is -112200110221022022 - 11?
-112200110221022110
In base 8, what is -464 + 1041361?
1040675
In base 5, what is -1212400320 + -20?
-1212400340
In base 6, what is 120445140 + 323?
120445503
In base 2, what is 101111110100101111111 - 11001001?
101111110100010110110
In base 5, what is -1 + -10140431221?
-10140431222
In base 7, what is -2606 + 1023561?
1020652
In base 13, what is -47459 + -1282?
-4870b
In base 3, what is -2012212101002 + -21010?
-2012212122012
In base 14, what is -3 - -1865696?
1865693
In base 11, what is -13528 + -57a?
-13aa7
In base 11, what is 33662 + -78?
33595
In base 11, what is 122 + 202206?
202328
In base 15, what is -2 - -74ed9b?
74ed99
In base 7, what is -65254615 - -5?
-65254610
In base 7, what is -650 - -162006?
161026
In base 2, what is 1010011100101101011000111 - -101?
1010011100101101011001100
In base 16, what is -6 + 1ca5d61?
1ca5d5b
In base 7, what is 25161325 + 1003?
25162331
In base 8, what is -1 - -1646322366?
1646322365
In base 2, what is 1011000 + -110111010101111010000?
-110111010101101111000
In base 5, what is -14321 - -4433212?
4413341
In base 6, what is -1111 - -1000041?
554530
In base 2, what is -110101000010001100000 - -11101?
-110101000010001000011
In base 13, what is -2 - b4c19?
-b4c1b
In base 12, what is -4272171 + 1b?
-4272152
In base 8, what is 1125664 - 3154?
1122510
In base 7, what is 1115400101 - 2?
1115400066
In base 4, what is 10312120003331 - 0?
10312120003331
In base 5, what is -4 - -30344244122?
30344244113
In base 16, what is 12e0 + -8458?
-7178
In base 3, what is 102012210212010 - 22?
102012210211211
In base 2, what is 11101100101011101111100 + -11?
11101100101011101111001
In base 5, what is -13313 - -2442200?
2423332
In base 3, what is -2001210210 - -11022100?
-1220111110
In base 3, what is -20100100210 + 1020?
-20100022120
In base 11, what is -41 - 1656a16?
-1656a57
In base 6, what is -405 - 143135?
-143544
In base 8, what is 1411144 - 135?
1411007
In base 11, what is 1 + -603953?
-603952
In base 11, what is -3aa2 + -218?
-420a
In base 13, what is 1ab74 + c8?
1ac6c
In base 14, what is -2 + -a5d395?
-a5d397
In base 4, what is 321013323131 + 33?
321013323230
In base 12, what is -5 + -1ab894b4?
-1ab894b9
In base 10, what is 39940551 + 3?
39940554
In base 15, what is 1d584 - -5d?
1d5e2
In base 14, what is -49ac7c + -76?
-49ad14
In base 12, what is -3 + -20298a?
-202991
In base 10, what is 46 + 1478676?
1478722
In base 4, what is 303 - 212203122213?
-212203121310
In base 10, what is 113 + 403486?
403599
In base 9, what is 35604420 + -6?
35604413
In base 15, what is 367 - 4083?
-3c1b
In base 16, what is -1 + -2cb60b?
-2cb60c
In base 5, what is 3 - -21410144011?
21410144014
In base 14, what is -4269 - 89c?
-4b27
In base 13, what is 13419a6 + 3?
13419a9
In base 5, what is 0 + -44123004034?
-44123004034
In base 5, what is -20 - 233041332?
-233041402
In base 13, what is 9c247 + -44?
9c203
In base 14, what is 14dcd13 - -3?
14dcd16
In base 9, what is -4240188 - 3?
-4240202
In base 6, what is -322 - 155233?
-155555
In base 14, what is 122b + -a63?
5a8
In base 15, what is -bbbea9 - -3?
-bbbea6
In base 14, what is -50a5ac - -20?
-50a58c
In base 6, what is 20334134 + 43?
20334221
In base 9, what is -5604 + -222162?
-227766
In base 3, what is 12 + -10111211112111202?
-10111211112111120
In base 9, what is 8885872 - -206?
8886178
In base 6, what is -2210222451 - -5?
-2210222442
In base 8, what is -12762 - 4155?
-17137
In base 3, what is -221 - 21211102011?
-21211110002
In base 5, what is -2 + -10332302302?
-10332302304
In base 6, what is -1553 - -34154433?
34152440
In base 9, what is -3750 + 46155?
42305
In base 6, what is 323003 - 132353?
150210
In base 6, what is 25440 + -30321?
-441
In base 8, what is 4 + 651511?
651515
In base 8, what is -113 + 500006?
477673
In base 3, what is -12100 - 102022000001?
-102022012101
In base 6, what is 1214100105 - 1?
1214100104
In base 15, what is -54 + e941?
e8dc
In base 14, what is -ca61b08 - 2?
-ca61b0a
In base 16, what is 71d0 + 8?
71d8
In base 2, what is -10111010101101001 + -110011101?
-10111011100000110
In base 9, what is 12413467 + 223?
12413701
In base 3, what is -222012001 + 1012001?
-221000000
In base 12, what is -64 + -b98510?
-b98574
In base 8, what is -23277075 - 4?
-23277101
In base 8, what is 756 - 273052?
-272074
In base 12, what is 5434 + 1398?
6810
In base 7, what is -2 - -4206660233?
4206660231
In base 16, what is 3b0e - c41?
2ecd
In base 16, what is 4033 + -6a8?
398b
In base 12, what is a5775b0 - 0?
a5775b0
In base 8, what is 4 - -5362126?
5362132
In base 14, what is 106223b - 1?
106223a
In base 6, what is 34 + 152442422?
152442500
In base 5, what is -403342 + 2024?
-401313
In base 3, what is 202021102121102 - 1?
202021102121101
In base 8, what is -271260 + 444?
-270614
In base 8, what is -13454 - -76?
-13356
In base 4, what is -1032 + 2122?
1030
In base 4, what is -31301321 + -3?
-31301330
In base 6, what is 1520012 + -250?
1515322
In base 6, what is 312 - 100004?
-55252
In base 13, what is 6039abc6 + 4?
6039abca
In base 4, what is -232132103011 + 113?
-232132102232
In base 5, what is 1 - 413311040?
-413311034
In base 10, what is 10045 + 8696?
18741
In base 7, what is -1065 - -16415?
15320
In base 2, what is 1010001 + 1100011010000100?
1100011011010101
In base 4, what is -120223320122132 - -11?
-120223320122121
In base 11, what is 70 + 355494?
355554
In base 14, what is 28870c1 + -4?
28870bb
In base 11, what is 3 + -2404a02a?
-2404a027
In base 11, what is -2 + -802879?
-802880
In base 5, what is 3 - 13230443424?
-13230443421
In base 11, what is 60008a21 + 0?
60008a21
In base 9, what is -6 + 1622103?
1622086
In base 5, what is -10232213041 + 0?
-10232213041
In base 6, what is 114350155 + -12?
114350143
In base 6, what is -14044 - -32441?
14353
In base 6, what is -11300054045 - 23?
-11300054112
In base 9, what is -836 + 1072663?
1071726
In base 12, what is -17 + 183562?
183547
In base 5, what is -122212 + -122?
-122334
In base 13, what is -561c67a2 + -4?
-561c67a6
In base 16, what is -3 - -83c25f?
83c25c
In base 13, what is 570ac + 19?
570c8
In base 15, what is -8ddca + -8cd?
-8e7a8
In base 13, what is 22285945 + -1?
22285944
In base 8, what is -11 + -2705745?
-2705756
In base 8, what is -373131 + 663?
-372246
In base 2, what is -11101 + -10000000000101110?
-10000000001001011
In base 8, what is -20 + 405331?
405311
In base 13, what is 180 + -17119c?
-17101c
In base 16, what is -5cdfb5c - 2?
-5cdfb5e
In base 15, what is -100 - -3e1505?
3e1405
In base 15, what is -42e - 3a89?
-3eb8
In base 4, what is -2002 + -133013013?
-133021021
In base 5, what is -341220200011 + 10?
-341220200001
In base 5, what is 4 + 10142004401?
10142004410
In base 14, what is a565 - -120b?
b772
In base 2, what is -10111111001110000111 + -111111?
-10111111001111000110
In base 4, what is 20113211322 - -31310?
20113303232
In base 7, what is 51 - -2240320?
2240401
In base 10, what is -738 + 238687?
237949
In base 3, what is -1001120211022 - 2?
-1001120211101
In base 6, what is 31 - -12114422?
12114453
In base 7, what is -1 + 2133212430?
2133212426
In base 4, what is 3122 - 20022210?
-20013022
In base 8, what is -104432713 + -4?
-104432717
In base 15, what is 3 - 161522?
-16151e
In base 6, what is 502 + 122133323?
122134225
In base 11, what is -9189365 - -4?
-9189361
In base 11, what is 5041 + 41395?
46426
In base 16, what is -bab57a - 7?
-bab581
In base 8, what is 37 + -3327274?
-3327235
In base 6, what is -523 + 1001202?
1000235
In base 7, what is 53 + 153166?
153252
In base 14, what is 2658c7 + -25b?
26566a
In base 16, what is 47 + -2292ce?
-229287
In base 6, what is 240143 + 225?
240412
In base 12, what is -7096 - -20?
-7076
In base 16, what is e + a15fdb?
a15fe9
In base 8, what is 104157 - 3466?
100471
In base 2, what is -1101001001111101000 + 11000?
-1101001001111010000
In base 5, what is 233322 + -41101